{"id":28,"date":"2026-07-06T21:10:55","date_gmt":"2026-07-06T21:10:55","guid":{"rendered":"https:\/\/emvoutoumeyongconseiljuridique.ch\/?page_id=28"},"modified":"2026-07-20T13:06:59","modified_gmt":"2026-07-20T13:06:59","slug":"service","status":"publish","type":"page","link":"https:\/\/emvoutoumeyongconseiljuridique.ch\/?page_id=28","title":{"rendered":"Domaines d&rsquo;interventions"},"content":{"rendered":"\n<div class=\"wp-block-group alignfull is-style-section-5 has-global-padding is-layout-constrained wp-block-group-is-layout-constrained is-style-section-5--1\" style=\"margin-top:0;margin-bottom:0;padding-top:var(--wp--preset--spacing--50);padding-bottom:var(--wp--preset--spacing--50)\">\n<div class=\"wp-block-columns alignwide is-layout-flex wp-container-core-columns-is-layout-ca2dd60b wp-block-columns-is-layout-flex\">\n<div class=\"wp-block-column is-vertically-aligned-center is-layout-flow wp-block-column-is-layout-flow\" style=\"flex-basis:50%\">\n<h2 class=\"wp-block-heading\">Notre missions est d&rsquo;informer, orienter et d\u00e9fendre les personnes requ\u00e9rantes d\u2019asile, admises provisoirement et d\u00e9bout\u00e9es dans le canton de Valais ,Vaud et Gen\u00e8ve.<\/h2>\n\n\n\n<p class=\"wp-block-paragraph\"><\/p>\n\n\n\n<p class=\"wp-block-paragraph\">Repr\u00e9sentation juridique aupr\u00e8s du SEM pour des proc\u00e9dures de demande d&rsquo;asile et <br>recours devant le Tribunal administratif f\u00e9d\u00e9ral (TAF).<\/p>\n<\/div>\n\n\n\n<div class=\"wp-block-column is-vertically-aligned-center is-layout-flow wp-block-column-is-layout-flow\" style=\"flex-basis:50%\">\n<figure class=\"wp-block-image size-full\"><img loading=\"lazy\" decoding=\"async\" width=\"1709\" height=\"2560\" src=\"https:\/\/emvoutoumeyongconseiljuridique.ch\/wp-content\/uploads\/2026\/07\/pexels-mikhail-nilov-8731038-scaled.jpg\" alt=\"\" class=\"wp-image-108\" style=\"aspect-ratio:1;object-fit:cover\" srcset=\"https:\/\/emvoutoumeyongconseiljuridique.ch\/wp-content\/uploads\/2026\/07\/pexels-mikhail-nilov-8731038-scaled.jpg 1709w, https:\/\/emvoutoumeyongconseiljuridique.ch\/wp-content\/uploads\/2026\/07\/pexels-mikhail-nilov-8731038-200x300.jpg 200w, https:\/\/emvoutoumeyongconseiljuridique.ch\/wp-content\/uploads\/2026\/07\/pexels-mikhail-nilov-8731038-684x1024.jpg 684w, https:\/\/emvoutoumeyongconseiljuridique.ch\/wp-content\/uploads\/2026\/07\/pexels-mikhail-nilov-8731038-768x1150.jpg 768w, https:\/\/emvoutoumeyongconseiljuridique.ch\/wp-content\/uploads\/2026\/07\/pexels-mikhail-nilov-8731038-1025x1536.jpg 1025w, https:\/\/emvoutoumeyongconseiljuridique.ch\/wp-content\/uploads\/2026\/07\/pexels-mikhail-nilov-8731038-1367x2048.jpg 1367w\" sizes=\"auto, (max-width: 1709px) 100vw, 1709px\" \/><\/figure>\n<\/div>\n<\/div>\n<\/div>\n\n\n\n<div class=\"wp-block-group alignfull is-style-section-5 has-global-padding is-layout-constrained wp-block-group-is-layout-constrained is-style-section-5--2\" style=\"margin-top:0;margin-bottom:0;padding-top:var(--wp--preset--spacing--50);padding-bottom:var(--wp--preset--spacing--50)\">\n<div class=\"wp-block-columns alignwide is-layout-flex wp-container-core-columns-is-layout-ca2dd60b wp-block-columns-is-layout-flex\">\n<div class=\"wp-block-column is-vertically-aligned-center is-layout-flow wp-block-column-is-layout-flow\" style=\"flex-basis:50%\">\n<h2 class=\"wp-block-heading\"><strong>Droit d&rsquo;Asile &amp; R\u00e9fugi\u00e9s :<\/strong><\/h2>\n\n\n\n<p class=\"wp-block-paragraph\"><\/p>\n\n\n\n<p class=\"wp-block-paragraph\">Accompagnement dans la proc\u00e9dure d&rsquo;asile (Conseil, d\u00e9p\u00f4t de demande d&rsquo;asile, pr\u00e9paration aux audiences, r\u00e9daction de recours).<\/p>\n\n\n\n<p class=\"wp-block-paragraph\">R\u00e9daction de recours (ex: en cas de non entr\u00e9e en mati\u00e8re, proc\u00e9dure Dublin ou de d\u00e9cision n\u00e9gative).<\/p>\n\n\n\n<p class=\"wp-block-paragraph\">Demandes de r\u00e9examen.<\/p>\n\n\n\n<p class=\"wp-block-paragraph\">Demande d&rsquo;autorisation de voyage pour motifs exceptionnels et passeport pour \u00e9trangers<\/p>\n\n\n\n<p class=\"wp-block-paragraph\"><\/p>\n\n\n\n<p class=\"wp-block-paragraph\"><\/p>\n\n\n\n<p class=\"wp-block-paragraph\"><\/p>\n\n\n\n<p class=\"wp-block-paragraph\"><br><\/p>\n<\/div>\n\n\n\n<div class=\"wp-block-column is-vertically-aligned-center is-layout-flow wp-block-column-is-layout-flow\" style=\"flex-basis:50%\"><\/div>\n<\/div>\n\n\n\n<div class=\"wp-block-columns alignwide is-layout-flex wp-container-core-columns-is-layout-ca2dd60b wp-block-columns-is-layout-flex\">\n<div class=\"wp-block-column is-vertically-aligned-center is-layout-flow wp-block-column-is-layout-flow\" style=\"flex-basis:50%\">\n<h2 class=\"wp-block-heading\"><strong><strong>Droit des \u00c9trangers &amp; Immigration<\/strong><\/strong>.<\/h2>\n\n\n\n<p class=\"wp-block-paragraph\"><\/p>\n\n\n\n<p class=\"wp-block-paragraph\">Autorisations de s\u00e9jour et de travail (permis B, C, L, frontaliers).<\/p>\n\n\n\n<p class=\"wp-block-paragraph\">Regroupement familial et mariage.<\/p>\n\n\n\n<p class=\"wp-block-paragraph\">Proc\u00e9dures de naturalisation ou de r\u00e9gularisation.<\/p>\n\n\n\n<p class=\"wp-block-paragraph\">Recours contre les refus de visa, les d\u00e9cisions de renvoi ou les mesures de contrainte.<\/p>\n\n\n\n<p class=\"wp-block-paragraph\"><br><\/p>\n<\/div>\n\n\n\n<div class=\"wp-block-column is-vertically-aligned-center is-layout-flow wp-block-column-is-layout-flow\" style=\"flex-basis:50%\"><\/div>\n<\/div>\n<\/div>\n\n\n\n<div class=\"wp-block-group alignfull is-style-section-5 has-global-padding is-layout-constrained wp-block-group-is-layout-constrained is-style-section-5--3\" style=\"margin-top:0;margin-bottom:0;padding-top:var(--wp--preset--spacing--50);padding-bottom:var(--wp--preset--spacing--50)\">\n<div class=\"wp-block-columns alignwide is-layout-flex wp-container-core-columns-is-layout-ca2dd60b wp-block-columns-is-layout-flex\">\n<div class=\"wp-block-column is-vertically-aligned-center is-layout-flow wp-block-column-is-layout-flow\" style=\"flex-basis:50%\">\n<h2 class=\"wp-block-heading\"><strong>Droit Humain &amp; Fondamental<\/strong>.<\/h2>\n\n\n\n<p class=\"wp-block-paragraph\"><\/p>\n\n\n\n<p class=\"wp-block-paragraph\">D\u00e9fense contre les expulsions.<\/p>\n\n\n\n<p class=\"wp-block-paragraph\">Protection contre le refoulement (menaces de torture ou traitements inhumains).<\/p>\n\n\n\n<p class=\"wp-block-paragraph\">Plaidoyer et saisine de la Cour europ\u00e9enne des droits de l&rsquo;homme (CEDH).<\/p>\n\n\n\n<p class=\"wp-block-paragraph\"><\/p>\n\n\n\n<p class=\"wp-block-paragraph\"><\/p>\n\n\n\n<p class=\"wp-block-paragraph\"><\/p>\n\n\n\n<p class=\"wp-block-paragraph\">Asile et Migration : droit d&rsquo;asile, statut de r\u00e9fugi\u00e9, statut S, proc\u00e9dure acc\u00e9l\u00e9r\u00e9e, menace de pers\u00e9cution, regroupement familial. <\/p>\n\n\n\n<p class=\"wp-block-paragraph\">Droit des \u00e9trangers : permis de s\u00e9jour, autorisation d&rsquo;\u00e9tablissement, naturalisation, mariage, regroupement familial. <\/p>\n\n\n\n<p class=\"wp-block-paragraph\">Litiges : recours, contestation de renvoi, refus de visa, OQTS (Obligation de quitter le territoire Suisse).<\/p>\n\n\n\n<p class=\"wp-block-paragraph\"><br><\/p>\n<\/div>\n\n\n\n<div class=\"wp-block-column is-vertically-aligned-center is-layout-flow wp-block-column-is-layout-flow\" style=\"flex-basis:50%\">\n<figure class=\"wp-block-image size-full\"><img loading=\"lazy\" decoding=\"async\" width=\"1709\" height=\"2560\" src=\"https:\/\/emvoutoumeyongconseiljuridique.ch\/wp-content\/uploads\/2026\/07\/pexels-mikhail-nilov-8731038-scaled.jpg\" alt=\"\" class=\"wp-image-108\" style=\"aspect-ratio:1;object-fit:cover\" srcset=\"https:\/\/emvoutoumeyongconseiljuridique.ch\/wp-content\/uploads\/2026\/07\/pexels-mikhail-nilov-8731038-scaled.jpg 1709w, https:\/\/emvoutoumeyongconseiljuridique.ch\/wp-content\/uploads\/2026\/07\/pexels-mikhail-nilov-8731038-200x300.jpg 200w, https:\/\/emvoutoumeyongconseiljuridique.ch\/wp-content\/uploads\/2026\/07\/pexels-mikhail-nilov-8731038-684x1024.jpg 684w, https:\/\/emvoutoumeyongconseiljuridique.ch\/wp-content\/uploads\/2026\/07\/pexels-mikhail-nilov-8731038-768x1150.jpg 768w, https:\/\/emvoutoumeyongconseiljuridique.ch\/wp-content\/uploads\/2026\/07\/pexels-mikhail-nilov-8731038-1025x1536.jpg 1025w, https:\/\/emvoutoumeyongconseiljuridique.ch\/wp-content\/uploads\/2026\/07\/pexels-mikhail-nilov-8731038-1367x2048.jpg 1367w\" sizes=\"auto, (max-width: 1709px) 100vw, 1709px\" \/><\/figure>\n<\/div>\n<\/div>\n<\/div>\n\n\n\n<h2 class=\"wp-block-heading\"><\/h2>\n\n\n\n<div class=\"wp-block-group alignfull has-background-color has-white-color has-black-background-color has-text-color has-background has-link-color wp-elements-1 is-vertical is-content-justification-stretch is-layout-flex wp-container-core-group-is-layout-41c5779d wp-block-group-is-layout-flex\" style=\"min-height:40vh;margin-top:0;margin-bottom:0;padding-top:var(--wp--preset--spacing--60);padding-right:var(--wp--preset--spacing--40);padding-bottom:var(--wp--preset--spacing--60);padding-left:var(--wp--preset--spacing--40)\">\n<div class=\"wp-block-columns alignwide has-small-font-size is-layout-flex wp-container-core-columns-is-layout-794e3cfa wp-block-columns-is-layout-flex\">\n<div class=\"wp-block-column is-layout-flow wp-block-column-is-layout-flow\">\n<p class=\"has-text-align-center wp-block-paragraph\">CONTACT<\/p>\n\n\n\n<p class=\"has-text-align-center wp-block-paragraph\">Email: info@emvoutoumeyongconseiljuridique.ch&nbsp;<br>Courrier: Rue du coll\u00e8ge 4, 1920 Martigny<br>Martigny\/Valais<\/p>\n\n\n\n<div style=\"height:24px\" aria-hidden=\"true\" class=\"wp-block-spacer\"><\/div>\n<\/div>\n\n\n\n<div class=\"wp-block-column is-layout-flow wp-block-column-is-layout-flow\">\n<p class=\"has-text-align-center wp-block-paragraph\">Pages<\/p>\n\n\n<nav class=\"has-small-font-size items-justified-center is-vertical no-wrap wp-block-navigation is-content-justification-center is-nowrap is-layout-flex wp-container-core-navigation-is-layout-8d6cfd39 wp-block-navigation-is-layout-flex\" aria-label=\"Navigation\"><ul class=\"wp-block-navigation__container has-small-font-size items-justified-center is-vertical no-wrap wp-block-navigation\"><li class=\"wp-block-navigation-item wp-block-navigation-link\"><a class=\"wp-block-navigation-item__content\"  href=\"https:\/\/emvoutoumeyongconseiljuridique.ch\/?page_id=28\"><span class=\"wp-block-navigation-item__label\">Service<\/span><\/a><\/li><li class=\"wp-block-navigation-item wp-block-navigation-link\"><a class=\"wp-block-navigation-item__content\"  href=\"https:\/\/emvoutoumeyongconseiljuridique.ch\/?page_id=89\"><span class=\"wp-block-navigation-item__label\">Consultation juridique<\/span><\/a><\/li><\/ul><\/nav>\n\n\n<div style=\"height:24px\" aria-hidden=\"true\" class=\"wp-block-spacer\"><\/div>\n<\/div>\n\n\n\n<div class=\"wp-block-column is-layout-flow wp-block-column-is-layout-flow\">\n<p class=\"has-text-align-center wp-block-paragraph\">Suivez nous<\/p>\n\n\n\n<div class=\"wp-block-group is-vertical is-content-justification-center is-layout-flex wp-container-core-group-is-layout-43f17f2c wp-block-group-is-layout-flex\">\n<p class=\"wp-block-paragraph\"><a href=\"#\">Facebook<\/a><\/p>\n\n\n\n<p class=\"wp-block-paragraph\"><a href=\"#\">Instagram<\/a><\/p>\n\n\n\n<p class=\"wp-block-paragraph\"><a href=\"#\">Twitter<\/a><\/p>\n<\/div>\n\n\n\n<div style=\"height:24px\" aria-hidden=\"true\" class=\"wp-block-spacer\"><\/div>\n<\/div>\n<\/div>\n\n\n\n<div class=\"wp-block-group alignwide is-content-justification-center is-layout-flex wp-container-core-group-is-layout-d4be0a44 wp-block-group-is-layout-flex\">\n<p class=\"has-text-align-center has-small-font-size wp-block-paragraph\"> <a href=\"https:\/\/wordpress.org\" rel=\"nofollow\">emvoutoumeyongconseiljuridique.ch<\/a> <\/p>\n<\/div>\n<\/div>\n\n\n\n<p class=\"wp-block-paragraph\"><\/p>\n","protected":false},"excerpt":{"rendered":"<p>Notre missions est d&rsquo;informer, orienter et d\u00e9fendre les personnes requ\u00e9rantes d\u2019asile, admises provisoirement et d\u00e9bout\u00e9es dans le canton de Valais ,Vaud et Gen\u00e8ve. Repr\u00e9sentation juridique aupr\u00e8s du SEM pour des proc\u00e9dures de demande d&rsquo;asile et recours devant le Tribunal administratif f\u00e9d\u00e9ral (TAF). Droit d&rsquo;Asile &amp; R\u00e9fugi\u00e9s : Accompagnement dans la proc\u00e9dure d&rsquo;asile (Conseil, d\u00e9p\u00f4t de [&hellip;]<\/p>\n","protected":false},"author":1,"featured_media":0,"parent":0,"menu_order":0,"comment_status":"closed","ping_status":"closed","template":"","meta":{"footnotes":""},"class_list":["post-28","page","type-page","status-publish","hentry"],"_links":{"self":[{"href":"https:\/\/emvoutoumeyongconseiljuridique.ch\/index.php?rest_route=\/wp\/v2\/pages\/28","targetHints":{"allow":["GET"]}}],"collection":[{"href":"https:\/\/emvoutoumeyongconseiljuridique.ch\/index.php?rest_route=\/wp\/v2\/pages"}],"about":[{"href":"https:\/\/emvoutoumeyongconseiljuridique.ch\/index.php?rest_route=\/wp\/v2\/types\/page"}],"author":[{"embeddable":true,"href":"https:\/\/emvoutoumeyongconseiljuridique.ch\/index.php?rest_route=\/wp\/v2\/users\/1"}],"replies":[{"embeddable":true,"href":"https:\/\/emvoutoumeyongconseiljuridique.ch\/index.php?rest_route=%2Fwp%2Fv2%2Fcomments&post=28"}],"version-history":[{"count":25,"href":"https:\/\/emvoutoumeyongconseiljuridique.ch\/index.php?rest_route=\/wp\/v2\/pages\/28\/revisions"}],"predecessor-version":[{"id":129,"href":"https:\/\/emvoutoumeyongconseiljuridique.ch\/index.php?rest_route=\/wp\/v2\/pages\/28\/revisions\/129"}],"wp:attachment":[{"href":"https:\/\/emvoutoumeyongconseiljuridique.ch\/index.php?rest_route=%2Fwp%2Fv2%2Fmedia&parent=28"}],"curies":[{"name":"wp","href":"https:\/\/api.w.org\/{rel}","templated":true}]}}

<div class="wp-block-group alignfull is-style-section-5 has-global-padding is-layout-constrained wp-block-group-is-layout-constrained is-style-section-5--1" style="margin-top:0;margin-bottom:0;padding-top:var(--wp--preset--spacing--50);padding-bottom:var(--wp--preset--spacing--50)">
<div class="wp-block-columns alignwide is-layout-flex wp-container-core-columns-is-layout-ca2dd60b wp-block-columns-is-layout-flex">
<div class="wp-block-column is-vertically-aligned-center is-layout-flow wp-block-column-is-layout-flow" style="flex-basis:50%">
<h2 class="wp-block-heading">Notre missions est d&rsquo;informer, orienter et défendre les personnes requérantes d’asile, admises provisoirement et déboutées dans le canton de Valais ,Vaud et Genève.</h2>



<p class="wp-block-paragraph"></p>



<p class="wp-block-paragraph">Représentation juridique auprès du SEM pour des procédures de demande d&rsquo;asile et <br>recours devant le Tribunal administratif fédéral (TAF).</p>
</div>



<div class="wp-block-column is-vertically-aligned-center is-layout-flow wp-block-column-is-layout-flow" style="flex-basis:50%">
<figure class="wp-block-image size-full"><img loading="lazy" decoding="async" width="1709" height="2560" src="https://emvoutoumeyongconseiljuridique.ch/wp-content/uploads/2026/07/pexels-mikhail-nilov-8731038-scaled.jpg" alt="" class="wp-image-108" style="aspect-ratio:1;object-fit:cover" srcset="https://emvoutoumeyongconseiljuridique.ch/wp-content/uploads/2026/07/pexels-mikhail-nilov-8731038-scaled.jpg 1709w, https://emvoutoumeyongconseiljuridique.ch/wp-content/uploads/2026/07/pexels-mikhail-nilov-8731038-200x300.jpg 200w, https://emvoutoumeyongconseiljuridique.ch/wp-content/uploads/2026/07/pexels-mikhail-nilov-8731038-684x1024.jpg 684w, https://emvoutoumeyongconseiljuridique.ch/wp-content/uploads/2026/07/pexels-mikhail-nilov-8731038-768x1150.jpg 768w, https://emvoutoumeyongconseiljuridique.ch/wp-content/uploads/2026/07/pexels-mikhail-nilov-8731038-1025x1536.jpg 1025w, https://emvoutoumeyongconseiljuridique.ch/wp-content/uploads/2026/07/pexels-mikhail-nilov-8731038-1367x2048.jpg 1367w" sizes="auto, (max-width: 1709px) 100vw, 1709px" /></figure>
</div>
</div>
</div>



<div class="wp-block-group alignfull is-style-section-5 has-global-padding is-layout-constrained wp-block-group-is-layout-constrained is-style-section-5--2" style="margin-top:0;margin-bottom:0;padding-top:var(--wp--preset--spacing--50);padding-bottom:var(--wp--preset--spacing--50)">
<div class="wp-block-columns alignwide is-layout-flex wp-container-core-columns-is-layout-ca2dd60b wp-block-columns-is-layout-flex">
<div class="wp-block-column is-vertically-aligned-center is-layout-flow wp-block-column-is-layout-flow" style="flex-basis:50%">
<h2 class="wp-block-heading"><strong>Droit d&rsquo;Asile &amp; Réfugiés :</strong></h2>



<p class="wp-block-paragraph"></p>



<p class="wp-block-paragraph">Accompagnement dans la procédure d&rsquo;asile (Conseil, dépôt de demande d&rsquo;asile, préparation aux audiences, rédaction de recours).</p>



<p class="wp-block-paragraph">Rédaction de recours (ex: en cas de non entrée en matière, procédure Dublin ou de décision négative).</p>



<p class="wp-block-paragraph">Demandes de réexamen.</p>



<p class="wp-block-paragraph">Demande d&rsquo;autorisation de voyage pour motifs exceptionnels et passeport pour étrangers</p>



<p class="wp-block-paragraph"></p>



<p class="wp-block-paragraph"></p>



<p class="wp-block-paragraph"></p>



<p class="wp-block-paragraph"><br></p>
</div>



<div class="wp-block-column is-vertically-aligned-center is-layout-flow wp-block-column-is-layout-flow" style="flex-basis:50%"></div>
</div>



<div class="wp-block-columns alignwide is-layout-flex wp-container-core-columns-is-layout-ca2dd60b wp-block-columns-is-layout-flex">
<div class="wp-block-column is-vertically-aligned-center is-layout-flow wp-block-column-is-layout-flow" style="flex-basis:50%">
<h2 class="wp-block-heading"><strong><strong>Droit des Étrangers &amp; Immigration</strong></strong>.</h2>



<p class="wp-block-paragraph"></p>



<p class="wp-block-paragraph">Autorisations de séjour et de travail (permis B, C, L, frontaliers).</p>



<p class="wp-block-paragraph">Regroupement familial et mariage.</p>



<p class="wp-block-paragraph">Procédures de naturalisation ou de régularisation.</p>



<p class="wp-block-paragraph">Recours contre les refus de visa, les décisions de renvoi ou les mesures de contrainte.</p>



<p class="wp-block-paragraph"><br></p>
</div>



<div class="wp-block-column is-vertically-aligned-center is-layout-flow wp-block-column-is-layout-flow" style="flex-basis:50%"></div>
</div>
</div>



<div class="wp-block-group alignfull is-style-section-5 has-global-padding is-layout-constrained wp-block-group-is-layout-constrained is-style-section-5--3" style="margin-top:0;margin-bottom:0;padding-top:var(--wp--preset--spacing--50);padding-bottom:var(--wp--preset--spacing--50)">
<div class="wp-block-columns alignwide is-layout-flex wp-container-core-columns-is-layout-ca2dd60b wp-block-columns-is-layout-flex">
<div class="wp-block-column is-vertically-aligned-center is-layout-flow wp-block-column-is-layout-flow" style="flex-basis:50%">
<h2 class="wp-block-heading"><strong>Droit Humain &amp; Fondamental</strong>.</h2>



<p class="wp-block-paragraph"></p>



<p class="wp-block-paragraph">Défense contre les expulsions.</p>



<p class="wp-block-paragraph">Protection contre le refoulement (menaces de torture ou traitements inhumains).</p>



<p class="wp-block-paragraph">Plaidoyer et saisine de la Cour européenne des droits de l&rsquo;homme (CEDH).</p>



<p class="wp-block-paragraph"></p>



<p class="wp-block-paragraph"></p>



<p class="wp-block-paragraph"></p>



<p class="wp-block-paragraph">Asile et Migration : droit d&rsquo;asile, statut de réfugié, statut S, procédure accélérée, menace de persécution, regroupement familial. </p>



<p class="wp-block-paragraph">Droit des étrangers : permis de séjour, autorisation d&rsquo;établissement, naturalisation, mariage, regroupement familial. </p>



<p class="wp-block-paragraph">Litiges : recours, contestation de renvoi, refus de visa, OQTS (Obligation de quitter le territoire Suisse).</p>



<p class="wp-block-paragraph"><br></p>
</div>



<div class="wp-block-column is-vertically-aligned-center is-layout-flow wp-block-column-is-layout-flow" style="flex-basis:50%">
<figure class="wp-block-image size-full"><img loading="lazy" decoding="async" width="1709" height="2560" src="https://emvoutoumeyongconseiljuridique.ch/wp-content/uploads/2026/07/pexels-mikhail-nilov-8731038-scaled.jpg" alt="" class="wp-image-108" style="aspect-ratio:1;object-fit:cover" srcset="https://emvoutoumeyongconseiljuridique.ch/wp-content/uploads/2026/07/pexels-mikhail-nilov-8731038-scaled.jpg 1709w, https://emvoutoumeyongconseiljuridique.ch/wp-content/uploads/2026/07/pexels-mikhail-nilov-8731038-200x300.jpg 200w, https://emvoutoumeyongconseiljuridique.ch/wp-content/uploads/2026/07/pexels-mikhail-nilov-8731038-684x1024.jpg 684w, https://emvoutoumeyongconseiljuridique.ch/wp-content/uploads/2026/07/pexels-mikhail-nilov-8731038-768x1150.jpg 768w, https://emvoutoumeyongconseiljuridique.ch/wp-content/uploads/2026/07/pexels-mikhail-nilov-8731038-1025x1536.jpg 1025w, https://emvoutoumeyongconseiljuridique.ch/wp-content/uploads/2026/07/pexels-mikhail-nilov-8731038-1367x2048.jpg 1367w" sizes="auto, (max-width: 1709px) 100vw, 1709px" /></figure>
</div>
</div>
</div>



<h2 class="wp-block-heading"></h2>



<div class="wp-block-group alignfull has-background-color has-white-color has-black-background-color has-text-color has-background has-link-color wp-elements-1 is-vertical is-content-justification-stretch is-layout-flex wp-container-core-group-is-layout-41c5779d wp-block-group-is-layout-flex" style="min-height:40vh;margin-top:0;margin-bottom:0;padding-top:var(--wp--preset--spacing--60);padding-right:var(--wp--preset--spacing--40);padding-bottom:var(--wp--preset--spacing--60);padding-left:var(--wp--preset--spacing--40)">
<div class="wp-block-columns alignwide has-small-font-size is-layout-flex wp-container-core-columns-is-layout-794e3cfa wp-block-columns-is-layout-flex">
<div class="wp-block-column is-layout-flow wp-block-column-is-layout-flow">
<p class="has-text-align-center wp-block-paragraph">CONTACT</p>



<p class="has-text-align-center wp-block-paragraph">Email: info@emvoutoumeyongconseiljuridique.ch&nbsp;<br>Courrier: Rue du collège 4, 1920 Martigny<br>Martigny/Valais</p>



<div style="height:24px" aria-hidden="true" class="wp-block-spacer"></div>
</div>



<div class="wp-block-column is-layout-flow wp-block-column-is-layout-flow">
<p class="has-text-align-center wp-block-paragraph">Pages</p>


<nav class="has-small-font-size items-justified-center is-vertical no-wrap wp-block-navigation is-content-justification-center is-nowrap is-layout-flex wp-container-core-navigation-is-layout-8d6cfd39 wp-block-navigation-is-layout-flex" aria-label="Navigation"><ul class="wp-block-navigation__container has-small-font-size items-justified-center is-vertical no-wrap wp-block-navigation"><li class="wp-block-navigation-item wp-block-navigation-link"><a class="wp-block-navigation-item__content"  href="https://emvoutoumeyongconseiljuridique.ch/?page_id=28"><span class="wp-block-navigation-item__label">Service</span></a></li><li class="wp-block-navigation-item wp-block-navigation-link"><a class="wp-block-navigation-item__content"  href="https://emvoutoumeyongconseiljuridique.ch/?page_id=89"><span class="wp-block-navigation-item__label">Consultation juridique</span></a></li></ul></nav>


<div style="height:24px" aria-hidden="true" class="wp-block-spacer"></div>
</div>



<div class="wp-block-column is-layout-flow wp-block-column-is-layout-flow">
<p class="has-text-align-center wp-block-paragraph">Suivez nous</p>



<div class="wp-block-group is-vertical is-content-justification-center is-layout-flex wp-container-core-group-is-layout-43f17f2c wp-block-group-is-layout-flex">
<p class="wp-block-paragraph"><a href="#">Facebook</a></p>



<p class="wp-block-paragraph"><a href="#">Instagram</a></p>



<p class="wp-block-paragraph"><a href="#">Twitter</a></p>
</div>



<div style="height:24px" aria-hidden="true" class="wp-block-spacer"></div>
</div>
</div>



<div class="wp-block-group alignwide is-content-justification-center is-layout-flex wp-container-core-group-is-layout-d4be0a44 wp-block-group-is-layout-flex">
<p class="has-text-align-center has-small-font-size wp-block-paragraph"> <a href="https://wordpress.org" rel="nofollow">emvoutoumeyongconseiljuridique.ch</a> </p>
</div>
</div>



<p class="wp-block-paragraph"></p>

<p>Notre missions est d&rsquo;informer, orienter et défendre les personnes requérantes d’asile, admises provisoirement et déboutées dans le canton de Valais ,Vaud et Genève. Représentation juridique auprès du SEM pour des procédures de demande d&rsquo;asile et recours devant le Tribunal administratif fédéral (TAF). Droit d&rsquo;Asile &amp; Réfugiés : Accompagnement dans la procédure d&rsquo;asile (Conseil, dépôt de [&hellip;]</p>
