{"id":89,"date":"2026-07-07T17:37:58","date_gmt":"2026-07-07T17:37:58","guid":{"rendered":"https:\/\/emvoutoumeyongconseiljuridique.ch\/?page_id=89"},"modified":"2026-07-09T22:42:20","modified_gmt":"2026-07-09T22:42:20","slug":"consultation-juridique1","status":"publish","type":"page","link":"https:\/\/emvoutoumeyongconseiljuridique.ch\/?page_id=89","title":{"rendered":"Consultation juridique"},"content":{"rendered":"\n<div class=\"wp-block-cover alignfull is-light has-contrast-color has-text-color has-link-color wp-elements-1\" style=\"margin-top:0;margin-bottom:0;padding-top:var(--wp--preset--spacing--60);padding-right:var(--wp--preset--spacing--50);padding-bottom:var(--wp--preset--spacing--60);padding-left:var(--wp--preset--spacing--50);min-height:923px;aspect-ratio:unset;\"><span aria-hidden=\"true\" class=\"wp-block-cover__background has-base-background-color has-background-dim-100 has-background-dim\"><\/span><div class=\"wp-block-cover__inner-container has-global-padding is-layout-constrained wp-container-core-cover-is-layout-49249989 wp-block-cover-is-layout-constrained\">\n<div class=\"wp-block-columns alignwide is-layout-flex wp-container-core-columns-is-layout-ca2dd60b wp-block-columns-is-layout-flex\">\n<div class=\"wp-block-column is-layout-flow wp-block-column-is-layout-flow\" style=\"flex-basis:65%\">\n<div class=\"wp-block-group is-vertical is-content-justification-stretch is-layout-flex wp-container-core-group-is-layout-d8dce8eb wp-block-group-is-layout-flex\">\n<h2 class=\"wp-block-heading has-text-align-left\" style=\"font-size:clamp(8.042rem, 8.042rem + ((1vw - 0.2rem) * 21.895), 22rem);font-style:normal;font-weight:300;letter-spacing:-0.03em;line-height:1.4\"><\/h2>\n\n\n\n<p class=\"is-style-text-subtitle is-style-text-subtitle--1 wp-block-paragraph\">Consultation juridique t\u00e9l\u00e9phonique<\/p>\n\n\n\n<p class=\"is-style-text-subtitle is-style-text-subtitle--2 wp-block-paragraph\">Notre conseil vous propose des consultations juridiques pour r\u00e9pondre \u00e0 vos questions.<\/p>\n\n\n\n<p class=\"wp-block-paragraph\"><\/p>\n\n\n\n<p class=\"wp-block-paragraph\"><\/p>\n<\/div>\n<\/div>\n\n\n\n<div class=\"wp-block-column is-layout-flow wp-block-column-is-layout-flow\" style=\"flex-basis:35%\">\n<div class=\"wp-block-group is-vertical is-content-justification-stretch is-nowrap is-layout-flex wp-container-core-group-is-layout-0f0b95e2 wp-block-group-is-layout-flex\">\n<figure class=\"wp-block-image size-full\"><img loading=\"lazy\" decoding=\"async\" width=\"2560\" height=\"1707\" src=\"https:\/\/emvoutoumeyongconseiljuridique.ch\/wp-content\/uploads\/2026\/07\/pexels-tara-winstead-8850833-scaled.jpg\" alt=\"\" class=\"wp-image-102\" style=\"aspect-ratio:3\/4;object-fit:cover\" srcset=\"https:\/\/emvoutoumeyongconseiljuridique.ch\/wp-content\/uploads\/2026\/07\/pexels-tara-winstead-8850833-scaled.jpg 2560w, https:\/\/emvoutoumeyongconseiljuridique.ch\/wp-content\/uploads\/2026\/07\/pexels-tara-winstead-8850833-300x200.jpg 300w, https:\/\/emvoutoumeyongconseiljuridique.ch\/wp-content\/uploads\/2026\/07\/pexels-tara-winstead-8850833-1024x683.jpg 1024w, https:\/\/emvoutoumeyongconseiljuridique.ch\/wp-content\/uploads\/2026\/07\/pexels-tara-winstead-8850833-768x512.jpg 768w, https:\/\/emvoutoumeyongconseiljuridique.ch\/wp-content\/uploads\/2026\/07\/pexels-tara-winstead-8850833-1536x1024.jpg 1536w, https:\/\/emvoutoumeyongconseiljuridique.ch\/wp-content\/uploads\/2026\/07\/pexels-tara-winstead-8850833-2048x1365.jpg 2048w\" sizes=\"auto, (max-width: 2560px) 100vw, 2560px\" \/><\/figure>\n\n\n\n<p class=\"has-text-align-right has-x-large-font-size wp-block-paragraph\" style=\"line-height:1.2\"><a href=\"#\">Instagram<\/a><br><a href=\"#\">LinkedIn<\/a><br><a href=\"#\">Now<\/a><\/p>\n<\/div>\n<\/div>\n<\/div>\n\n\n\n<p class=\"wp-block-paragraph\">Emvoutou Meyong Conseil Juridique propose une consultation t\u00e9l\u00e9phonique et un soutien juridique sur des questions li\u00e9es aux personnes requ\u00e9rantes d\u2019asile, des personnes admises provisoirement, des r\u00e9fugi\u00e9es, des personnes d\u00e9bout\u00e9es de l\u2019asile, les victimes de traite des \u00eatres humains.<\/p>\n\n\n\n<p class=\"wp-block-paragraph\">Notre juriste vous conseille \u00e9galement sur des questions d&rsquo;autorisation de s\u00e9jour des ressortissants des \u00c9tats membres de l&rsquo;UE\/AELE<\/p>\n<\/div><\/div>\n\n\n\n<div class=\"wp-block-buttons is-layout-flex wp-block-buttons-is-layout-flex\"><\/div>\n\n\n\n<div class=\"wp-block-group alignfull has-background-color has-white-color has-black-background-color has-text-color has-background has-link-color wp-elements-2 is-vertical is-content-justification-stretch is-layout-flex wp-container-core-group-is-layout-41c5779d wp-block-group-is-layout-flex\" style=\"min-height:40vh;margin-top:0;margin-bottom:0;padding-top:var(--wp--preset--spacing--60);padding-right:var(--wp--preset--spacing--40);padding-bottom:var(--wp--preset--spacing--60);padding-left:var(--wp--preset--spacing--40)\">\n<div class=\"wp-block-columns alignwide has-small-font-size is-layout-flex wp-container-core-columns-is-layout-794e3cfa wp-block-columns-is-layout-flex\">\n<div class=\"wp-block-column is-layout-flow wp-block-column-is-layout-flow\">\n<p class=\"has-text-align-center wp-block-paragraph\">CONTACT<\/p>\n\n\n\n<p class=\"has-text-align-center wp-block-paragraph\">Email: info@emvoutoumeyongconseiljuridique.ch<br>Courrier: Rue du coll\u00e8ge4, 1920 Martigny<br>Martigny\/Valais<\/p>\n\n\n\n<div style=\"height:24px\" aria-hidden=\"true\" class=\"wp-block-spacer\"><\/div>\n<\/div>\n\n\n\n<div class=\"wp-block-column is-layout-flow wp-block-column-is-layout-flow\">\n<p class=\"has-text-align-center wp-block-paragraph\">Pages<\/p>\n\n\n<nav class=\"has-small-font-size items-justified-center is-vertical no-wrap wp-block-navigation is-content-justification-center is-nowrap is-layout-flex wp-container-core-navigation-is-layout-8d6cfd39 wp-block-navigation-is-layout-flex\" aria-label=\"Navigation\"><ul class=\"wp-block-navigation__container has-small-font-size items-justified-center is-vertical no-wrap wp-block-navigation\"><li class=\"wp-block-navigation-item wp-block-navigation-link\"><a class=\"wp-block-navigation-item__content\"  href=\"https:\/\/emvoutoumeyongconseiljuridique.ch\/?page_id=28\"><span class=\"wp-block-navigation-item__label\">Service<\/span><\/a><\/li><li class=\"wp-block-navigation-item wp-block-navigation-link\"><a class=\"wp-block-navigation-item__content\"  href=\"https:\/\/emvoutoumeyongconseiljuridique.ch\/?page_id=89\"><span class=\"wp-block-navigation-item__label\">Consultation juridique<\/span><\/a><\/li><\/ul><\/nav>\n\n\n<div style=\"height:24px\" aria-hidden=\"true\" class=\"wp-block-spacer\"><\/div>\n<\/div>\n\n\n\n<div class=\"wp-block-column is-layout-flow wp-block-column-is-layout-flow\">\n<p class=\"has-text-align-center wp-block-paragraph\">Follow us<\/p>\n\n\n\n<div class=\"wp-block-group is-vertical is-content-justification-center is-layout-flex wp-container-core-group-is-layout-43f17f2c wp-block-group-is-layout-flex\">\n<p class=\"wp-block-paragraph\"><a href=\"#\">Facebook<\/a><\/p>\n\n\n\n<p class=\"wp-block-paragraph\"><a href=\"#\">Instagram<\/a><\/p>\n\n\n\n<p class=\"wp-block-paragraph\"><a href=\"#\">Twitter<\/a><\/p>\n<\/div>\n\n\n\n<div style=\"height:24px\" aria-hidden=\"true\" class=\"wp-block-spacer\"><\/div>\n<\/div>\n<\/div>\n\n\n\n<div class=\"wp-block-group alignwide is-content-justification-center is-layout-flex wp-container-core-group-is-layout-d4be0a44 wp-block-group-is-layout-flex\">\n<p class=\"has-text-align-center has-small-font-size wp-block-paragraph\">www.emvoutoumeyongconseiljuridique.ch<\/p>\n<\/div>\n<\/div>\n\n\n\n<p class=\"wp-block-paragraph\"><\/p>\n","protected":false},"excerpt":{"rendered":"<p>CONTACT Email: info@emvoutoumeyongconseiljuridique.chCourrier: Rue du coll\u00e8ge4, 1920 MartignyMartigny\/Valais Pages Follow us Facebook Instagram Twitter www.emvoutoumeyongconseiljuridique.ch<\/p>\n","protected":false},"author":1,"featured_media":0,"parent":0,"menu_order":0,"comment_status":"closed","ping_status":"closed","template":"","meta":{"footnotes":""},"class_list":["post-89","page","type-page","status-publish","hentry"],"_links":{"self":[{"href":"https:\/\/emvoutoumeyongconseiljuridique.ch\/index.php?rest_route=\/wp\/v2\/pages\/89","targetHints":{"allow":["GET"]}}],"collection":[{"href":"https:\/\/emvoutoumeyongconseiljuridique.ch\/index.php?rest_route=\/wp\/v2\/pages"}],"about":[{"href":"https:\/\/emvoutoumeyongconseiljuridique.ch\/index.php?rest_route=\/wp\/v2\/types\/page"}],"author":[{"embeddable":true,"href":"https:\/\/emvoutoumeyongconseiljuridique.ch\/index.php?rest_route=\/wp\/v2\/users\/1"}],"replies":[{"embeddable":true,"href":"https:\/\/emvoutoumeyongconseiljuridique.ch\/index.php?rest_route=%2Fwp%2Fv2%2Fcomments&post=89"}],"version-history":[{"count":12,"href":"https:\/\/emvoutoumeyongconseiljuridique.ch\/index.php?rest_route=\/wp\/v2\/pages\/89\/revisions"}],"predecessor-version":[{"id":121,"href":"https:\/\/emvoutoumeyongconseiljuridique.ch\/index.php?rest_route=\/wp\/v2\/pages\/89\/revisions\/121"}],"wp:attachment":[{"href":"https:\/\/emvoutoumeyongconseiljuridique.ch\/index.php?rest_route=%2Fwp%2Fv2%2Fmedia&parent=89"}],"curies":[{"name":"wp","href":"https:\/\/api.w.org\/{rel}","templated":true}]}}

<div class="wp-block-cover alignfull is-light has-contrast-color has-text-color has-link-color wp-elements-1" style="margin-top:0;margin-bottom:0;padding-top:var(--wp--preset--spacing--60);padding-right:var(--wp--preset--spacing--50);padding-bottom:var(--wp--preset--spacing--60);padding-left:var(--wp--preset--spacing--50);min-height:923px;aspect-ratio:unset;"><span aria-hidden="true" class="wp-block-cover__background has-base-background-color has-background-dim-100 has-background-dim"></span><div class="wp-block-cover__inner-container has-global-padding is-layout-constrained wp-container-core-cover-is-layout-49249989 wp-block-cover-is-layout-constrained">
<div class="wp-block-columns alignwide is-layout-flex wp-container-core-columns-is-layout-ca2dd60b wp-block-columns-is-layout-flex">
<div class="wp-block-column is-layout-flow wp-block-column-is-layout-flow" style="flex-basis:65%">
<div class="wp-block-group is-vertical is-content-justification-stretch is-layout-flex wp-container-core-group-is-layout-d8dce8eb wp-block-group-is-layout-flex">
<h2 class="wp-block-heading has-text-align-left" style="font-size:clamp(8.042rem, 8.042rem + ((1vw - 0.2rem) * 21.895), 22rem);font-style:normal;font-weight:300;letter-spacing:-0.03em;line-height:1.4"></h2>



<p class="is-style-text-subtitle is-style-text-subtitle--1 wp-block-paragraph">Consultation juridique téléphonique</p>



<p class="is-style-text-subtitle is-style-text-subtitle--2 wp-block-paragraph">Notre conseil vous propose des consultations juridiques pour répondre à vos questions.</p>



<p class="wp-block-paragraph"></p>



<p class="wp-block-paragraph"></p>
</div>
</div>



<div class="wp-block-column is-layout-flow wp-block-column-is-layout-flow" style="flex-basis:35%">
<div class="wp-block-group is-vertical is-content-justification-stretch is-nowrap is-layout-flex wp-container-core-group-is-layout-0f0b95e2 wp-block-group-is-layout-flex">
<figure class="wp-block-image size-full"><img loading="lazy" decoding="async" width="2560" height="1707" src="https://emvoutoumeyongconseiljuridique.ch/wp-content/uploads/2026/07/pexels-tara-winstead-8850833-scaled.jpg" alt="" class="wp-image-102" style="aspect-ratio:3/4;object-fit:cover" srcset="https://emvoutoumeyongconseiljuridique.ch/wp-content/uploads/2026/07/pexels-tara-winstead-8850833-scaled.jpg 2560w, https://emvoutoumeyongconseiljuridique.ch/wp-content/uploads/2026/07/pexels-tara-winstead-8850833-300x200.jpg 300w, https://emvoutoumeyongconseiljuridique.ch/wp-content/uploads/2026/07/pexels-tara-winstead-8850833-1024x683.jpg 1024w, https://emvoutoumeyongconseiljuridique.ch/wp-content/uploads/2026/07/pexels-tara-winstead-8850833-768x512.jpg 768w, https://emvoutoumeyongconseiljuridique.ch/wp-content/uploads/2026/07/pexels-tara-winstead-8850833-1536x1024.jpg 1536w, https://emvoutoumeyongconseiljuridique.ch/wp-content/uploads/2026/07/pexels-tara-winstead-8850833-2048x1365.jpg 2048w" sizes="auto, (max-width: 2560px) 100vw, 2560px" /></figure>



<p class="has-text-align-right has-x-large-font-size wp-block-paragraph" style="line-height:1.2"><a href="#">Instagram</a><br><a href="#">LinkedIn</a><br><a href="#">Now</a></p>
</div>
</div>
</div>



<p class="wp-block-paragraph">Emvoutou Meyong Conseil Juridique propose une consultation téléphonique et un soutien juridique sur des questions liées aux personnes requérantes d’asile, des personnes admises provisoirement, des réfugiées, des personnes déboutées de l’asile, les victimes de traite des êtres humains.</p>



<p class="wp-block-paragraph">Notre juriste vous conseille également sur des questions d&rsquo;autorisation de séjour des ressortissants des États membres de l&rsquo;UE/AELE</p>
</div></div>



<div class="wp-block-buttons is-layout-flex wp-block-buttons-is-layout-flex"></div>



<div class="wp-block-group alignfull has-background-color has-white-color has-black-background-color has-text-color has-background has-link-color wp-elements-2 is-vertical is-content-justification-stretch is-layout-flex wp-container-core-group-is-layout-41c5779d wp-block-group-is-layout-flex" style="min-height:40vh;margin-top:0;margin-bottom:0;padding-top:var(--wp--preset--spacing--60);padding-right:var(--wp--preset--spacing--40);padding-bottom:var(--wp--preset--spacing--60);padding-left:var(--wp--preset--spacing--40)">
<div class="wp-block-columns alignwide has-small-font-size is-layout-flex wp-container-core-columns-is-layout-794e3cfa wp-block-columns-is-layout-flex">
<div class="wp-block-column is-layout-flow wp-block-column-is-layout-flow">
<p class="has-text-align-center wp-block-paragraph">CONTACT</p>



<p class="has-text-align-center wp-block-paragraph">Email: info@emvoutoumeyongconseiljuridique.ch<br>Courrier: Rue du collège4, 1920 Martigny<br>Martigny/Valais</p>



<div style="height:24px" aria-hidden="true" class="wp-block-spacer"></div>
</div>



<div class="wp-block-column is-layout-flow wp-block-column-is-layout-flow">
<p class="has-text-align-center wp-block-paragraph">Pages</p>


<nav class="has-small-font-size items-justified-center is-vertical no-wrap wp-block-navigation is-content-justification-center is-nowrap is-layout-flex wp-container-core-navigation-is-layout-8d6cfd39 wp-block-navigation-is-layout-flex" aria-label="Navigation"><ul class="wp-block-navigation__container has-small-font-size items-justified-center is-vertical no-wrap wp-block-navigation"><li class="wp-block-navigation-item wp-block-navigation-link"><a class="wp-block-navigation-item__content"  href="https://emvoutoumeyongconseiljuridique.ch/?page_id=28"><span class="wp-block-navigation-item__label">Service</span></a></li><li class="wp-block-navigation-item wp-block-navigation-link"><a class="wp-block-navigation-item__content"  href="https://emvoutoumeyongconseiljuridique.ch/?page_id=89"><span class="wp-block-navigation-item__label">Consultation juridique</span></a></li></ul></nav>


<div style="height:24px" aria-hidden="true" class="wp-block-spacer"></div>
</div>



<div class="wp-block-column is-layout-flow wp-block-column-is-layout-flow">
<p class="has-text-align-center wp-block-paragraph">Follow us</p>



<div class="wp-block-group is-vertical is-content-justification-center is-layout-flex wp-container-core-group-is-layout-43f17f2c wp-block-group-is-layout-flex">
<p class="wp-block-paragraph"><a href="#">Facebook</a></p>



<p class="wp-block-paragraph"><a href="#">Instagram</a></p>



<p class="wp-block-paragraph"><a href="#">Twitter</a></p>
</div>



<div style="height:24px" aria-hidden="true" class="wp-block-spacer"></div>
</div>
</div>



<div class="wp-block-group alignwide is-content-justification-center is-layout-flex wp-container-core-group-is-layout-d4be0a44 wp-block-group-is-layout-flex">
<p class="has-text-align-center has-small-font-size wp-block-paragraph">www.emvoutoumeyongconseiljuridique.ch</p>
</div>
</div>



<p class="wp-block-paragraph"></p>

<p>CONTACT Email: info@emvoutoumeyongconseiljuridique.chCourrier: Rue du collège4, 1920 MartignyMartigny/Valais Pages Follow us Facebook Instagram Twitter www.emvoutoumeyongconseiljuridique.ch</p>
